is -10 - -433051?
433041
In base 8, what is -2455 + -15?
-2472
In base 11, what is -45 + -698?
-732
In base 12, what is 954 - -354?
10a8
In base 3, what is 202 + 2211002221?
2211010200
In base 2, what is -10111111011 - 10011?
-11000001110
In base 8, what is -517 - 34?
-553
In base 12, what is -1 - -b812?
b811
In base 4, what is -3133333 + 30?
-3133303
In base 2, what is -100000 - -111111011110?
111110111110
In base 7, what is -1411 + 2534?
1123
In base 5, what is 34 + 24122312?
24122401
In base 11, what is 0 + -727836?
-727836
In base 7, what is 25 + -5620?
-5562
In base 4, what is -2233030 + 11?
-2233013
In base 5, what is -33042 - -2010?
-31032
In base 14, what is 5 + c0db?
c102
In base 7, what is -13 - 136064?
-136110
In base 9, what is -414 + 133?
-271
In base 2, what is 110000110 + -1000111?
100111111
In base 10, what is -2 + -18121?
-18123
In base 10, what is -5 + 20509?
20504
In base 16, what is 4 - -2637?
263b
In base 11, what is 191 - -50?
231
In base 2, what is -10100 + 101001101011?
101001010111
In base 4, what is -31313 + 121?
-31132
In base 8, what is 10747 - -65?
11034
In base 9, what is -101861 - 1?
-101862
In base 10, what is 46 + -1061?
-1015
In base 10, what is 290 - -56?
346
In base 5, what is 2131 - -410?
3041
In base 4, what is 100 + -12210123?
-12210023
In base 5, what is 3231 + 3?
3234
In base 12, what is a + 58a?
598
In base 13, what is 52 - 1902?
-1880
In base 2, what is 1111111110110101110 - 10?
1111111110110101100
In base 5, what is -4041 + -24?
-4120
In base 9, what is -4 + 368572?
368567
In base 14, what is 18c + 2cbd?
306b
In base 6, what is -4110 - 522?
-5032
In base 14, what is -2 + 236d7?
236d5
In base 11, what is 6 + 2191?
2197
In base 12, what is 54 - 277?
-223
In base 5, what is 3113 + 1002?
4120
In base 12, what is -1a8 - -b7?
-b1
In base 5, what is -4432 + -1000?
-10432
In base 7, what is -5116533 - 0?
-5116533
In base 10, what is -9 - 4984?
-4993
In base 15, what is -300 - -16?
-2d9
In base 3, what is 10 - -100102011?
100102021
In base 9, what is 3 - 868?
-865
In base 16, what is -5 + -3e27?
-3e2c
In base 8, what is -260 - 2647?
-3127
In base 4, what is -133 + 103?
-30
In base 9, what is 40 + -13167?
-13127
In base 4, what is 103132 - -1?
103133
In base 14, what is -260b + -61?
-266c
In base 7, what is 22464 - -21?
22515
In base 12, what is b5911 + -1?
b5910
In base 7, what is -511424 - 2?
-511426
In base 10, what is 4 + 22770?
22774
In base 8, what is -3307363 + -1?
-3307364
In base 16, what is 5 - a2f4?
-a2ef
In base 10, what is 12 + -89932?
-89920
In base 5, what is 31421 - -230?
32201
In base 16, what is 42 - cb7?
-c75
In base 4, what is -3 + -123023320?
-123023323
In base 6, what is -3315 + 23?
-3252
In base 2, what is 11001111 - -100000100?
111010011
In base 11, what is -149089 + -13?
-1490a1
In base 6, what is -203201535 + -4?
-203201543
In base 3, what is -101002210112 - -101?
-101002210011
In base 15, what is -441 + -77?
-4b8
In base 16, what is -1c - -649?
62d
In base 9, what is 8221 - -14?
8235
In base 4, what is 13130312 - -10?
13130322
In base 10, what is 146 + 5598?
5744
In base 9, what is -22 + 5741?
5718
In base 4, what is -33213 + 11103?
-22110
In base 16, what is 3 + 3e8e5?
3e8e8
In base 11, what is -2a - -59?
2a
In base 9, what is 315 - -3047?
3363
In base 10, what is -2996 - -1?
-2995
In base 10, what is -13150 + 481?
-12669
In base 9, what is 14 - -45463?
45477
In base 7, what is 1 - -1210400?
1210401
In base 5, what is 1314133 - -4?
1314142
In base 5, what is -20032341 - -20?
-20032321
In base 15, what is -3 - -3561c?
35619
In base 15, what is 404 - -4d?
452
In base 9, what is 3 + 15452?
15455
In base 7, what is 511666 + 1?
512000
In base 2, what is -1001011011001011 + 1000?
-1001011011000011
In base 13, what is -40a9 + -5?
-40b1
In base 11, what is -7784 + -1a?
-77a3
In base 2, what is -1100011100001 - 100?
-1100011100101
In base 13, what is 17a2 + -332?
1470
In base 2, what is 111011 - -1000110001101?
1000111001000
In base 10, what is -20385 - -44?
-20341
In base 8, what is -144 + -251?
-415
In base 3, what is 11 - -1221122010?
1221122021
In base 10, what is -176 + 6164?
5988
In base 6, what is -2100115 - -5?
-2100110
In base 2, what is 11110010 - -111100010?
1011010100
In base 8, what is -60716 + -156?
-61074
In base 10, what is -4 - -89585?
89581
In base 8, what is 174 + 13356?
13552
In base 4, what is -200121 + -1001?
-201122
In base 9, what is 34750 + -32?
34717
In base 6, what is -4 - -223531?
223523
In base 10, what is -102155 + -3?
-102158
In base 6, what is 44401 + -1?
44400
In base 8, what is -4552 - 1102?
-5654
In base 16, what is -4 + 36a2?
369e
In base 6, what is 1221 - 23?
1154
In base 4, what is 2020331 + -1031?
2013300
In base 13, what is -11cc + 8?
-11c4
In base 16, what is 0 + -7c0b?
-7c0b
In base 11, what is 5843a2 - -1?
5843a3
In base 6, what is 1422120 - -1?
1422121
In base 13, what is -7c2 - -9?
-7b6
In base 5, what is 30440042 - 20?
30440022
In base 10, what is 0 + -4331?
-4331
In base 16, what is 1 + -23ca6?
-23ca5
In base 8, what is -5203346 + -4?
-5203352
In base 13, what is -1b2 + -556?
-738
In base 10, what is -1988 - -3?
-1985
In base 14, what is b + 199b?
19a8
In base 7, what is -346 + -24?
-403
In base 15, what is 1038 + -3?
1035
In base 16, what is 1ab + -c70?
-ac5
In base 6, what is -31521 + -1541?
-33502
In base 13, what is -51 + 1c80?
1c2c
In base 4, what is 32223200 - -10?
32223210
In base 9, what is 7351 + 201?
7552
In base 15, what is -502 + -4?
-506
In base 15, what is -1 + 325d?
325c
In base 15, what is -287 + -37?
-2be
In base 6, what is -1 - -14140?
14135
In base 7, what is 316 - 25665?
-25346
In base 13, what is 37b31 - 5?
37b29
In base 3, what is -1112000222 + -10?
-1112001002
In base 6, what is 1 + 4415501?
4415502
In base 8, what is 17 + 107546?
107565
In base 6, what is 4445244 + 5?
4445253
In base 13, what is -386 - 98?
-451
In base 12, what is 6928 - 1b1?
6737
In base 5, what is -12304 - 440?
-13244
In base 9, what is 58 - -2261?
2330
In base 6, what is 50 + 5422?
5512
In base 4, what is 111031311 + 12?
111031323
In base 10, what is 19 + -689?
-670
In base 5, what is 113411 - -24?
113440
In base 15, what is 3 + 119415?
119418
In base 15, what is -2 - 64a6?
-64a8
In base 8, what is 6106 + -3?
6103
In base 7, what is -566 - -2251?
1352
In base 3, what is 0 + 1220101?
1220101
In base 6, what is -42444053 + -4?
-42444101
In base 7, what is 16 + 43?
62
In base 13, what is 37 + 6b2?
719
In base 7, what is 3 + -505?
-502
In base 13, what is 474 - 197?
2aa
In base 13, what is -43 - 116?
-159
In base 15, what is -2c1c6 - 3?
-2c1c9
In base 16, what is -1c4bf + 3?
-1c4bc
In base 13, what is 8 - -5a429?
5a434
In base 11, what is -5 - 23717?
-23721
In base 9, what is -2 - 53057?
-53060
In base 10, what is 2373 - 187?
2186
In base 2, what is 111000101 + -100?
111000001
In base 13, what is -199 + 1397?
11cb
In base 3, what is 10210222 - 1200220?
2010002
In base 2, what is -111110 - -1110101001100011?
1110101000100101
In base 7, what is 50 + -23511?
-23431
In base 4, what is 112131 - -201?
112332
In base 11, what is 5 - 39500?
-394a6
In base 13, what is 1 + -34102?
-34101
In base 3, what is -12 - -1000222201?
1000222112
In base 11, what is 23 + 1a3?
216
In base 2, what is 11111 + 111101101001011?
111101101101010
In base 8, what is -4 + -21040?
-21044
In base 6, what is 3 - -4445151?
4445154
In base 7, what is -346555 - 121?
-350006
In base 6, what is -25022 + -1?
-25023
In base 3, what is -20110 + -1200212?
-1221022
In base 8, what is -2 + 1322170?
1322166
In base 11, what is 1 - 1487a?
-14879
In base 6, what is -5 - -1511021?
1511012
In base 16, what is 7a1e + 9?
7a27
In base 8, what is -44 - -60464?
60420
In base 8, what is 34 + -124?
-70
In base 4, what is -1203101122 - -11?
-1203101111
In base 15, what is -3 + db7?
db4
In base 5, what is 10 + -4034323?
-4034313
In base 3, what is -10 + -10221111220?
-10221112000
In base 4, what is 222133 + -1002?
221131
In base 13, what is 4 + -398?
-394
In base 8, what is 26444 - -10?
26454
In base 12, what is 1 - -a0329?
a032a
In base 4, what is 20 + -1212132132?
-1212132112
In base 15, what is 905 - 2a?
8ca
In base 14, what is 50 - -468?
4b8
In base 13, what is 18 - 69?
-51
In base 7, what is 321204 - -4?